 45*t - 1178. What is b(-38)?
0
Let z(m) = 128*m**3 - 1661*m**2 - 21*m - 241. Give z(13).
-7
Let v(r) = -r**3 - 121*r**2 - 235*r - 13685. Give v(-120).
115
Let a(t) = -292*t - 10646. What is a(-37)?
158
Let l(h) = 5*h**2 - 573*h + 342. What is l(113)?
-562
Let y(b) = -2*b**2 - 620*b + 18180. What is y(-336)?
708
Let i(n) = 6*n**2 + 1368*n + 35781. Calculate i(-27).
3219
Let o(u) = 13*u**2 - 2376*u - 9571. Determine o(187).
714
Let n(y) = -38*y**2 - 585*y - 2364. What is n(-4)?
-632
Let n(b) = -3*b**2 + 2284*b - 15853. Determine n(7).
-12
Let w(b) = -60*b + 872. Determine w(13).
92
Let k(u) = -2*u**2 + 858*u - 86341. Determine k(269).
-261
Let o(l) = 9826*l + 68739. What is o(-7)?
-43
Let v(g) = 34*g**3 - 510*g**2 - g + 45. Give v(15).
30
Let m(w) = -91*w**2 + 53148*w - 2338. Determine m(584).
-2
Let b(s) = -s**2 + 11467*s - 865691. What is b(76)?
25
Let u(f) = 2*f**2 + 10700*f + 276541. Calculate u(-26).
-307
Let u(b) = -15075*b - 422105. Give u(-28).
-5
Let w(g) = 2775*g + 27828. Determine w(-10).
78
Let g(y) = 173536*y - 14577011. Determine g(84).
13
Let t(q) = 70433*q + 211301. Give t(-3).
2
Let k(i) = 689*i + 217732. What is k(-316)?
8
Let i(g) = g**2 - 1874*g + 258359. Determine i(150).
-241
Let u(i) = -696*i + 4171. Give u(9).
-2093
Let o(a) = -2412*a - 754944. Give o(-313).
12
Let y(h) = 20*h**2 + 1241*h - 6248. What is y(5)?
457
Let f(n) = n**2 - 157*n + 648. What is f(153)?
36
Let n(i) = 3*i**2 + 1634*i + 38457. Determine n(-520).
-23
Let r(b) = -b**2 + 176*b + 1835. Determine r(176).
1835
Let d(l) = 17*l**3 - 358*l**2 + l + 381. Calculate d(21).
-39
Let k(u) = 2*u**3 - 980*u**2 - 10003*u + 1452. Calculate k(500).
-48
Let n(l) = -13457*l + 914976. Give n(68).
-100
Let l(w) = 3*w**2 + 13*w - 543. Determine l(-16).
17
Let m(b) = -b**3 - 321*b**2 + 46*b + 13865. What is m(-321)?
-901
Let p(z) = z**2 - 757*z + 104222. Determine p(181).
-34
Let c(j) = 7521*j + 142865. What is c(-19)?
-34
Let x(v) = -v**3 + 3*v**2 - 2387*v - 16823. Determine x(-7).
376
Let c(t) = -64*t**2 - 2519*t - 84. Give c(-40).
-1724
Let c(y) = 41*y**3 - 4*y**2 - 379*y - 1846. Calculate c(-5).
-5176
Let v(o) = -1666*o + 194919. What is v(117)?
-3
Let i(c) = 1570*c - 76923. Give i(49).
7
Let r(l) = -30*l**2 - 600*l + 24004. Calculate r(-40).
4
Let h(z) = -331621*z + 2984593. Determine h(9).
4
Let i(q) = 2*q**3 - 321*q**2 + 10604*q - 259. Determine i(114).
-31
Let o(a) = 6*a**2 - 455*a + 96. Determine o(75).
-279
Let j(p) = -1088*p + 4772. Determine j(4).
420
Let l(n) = -7057*n - 373985. Calculate l(-53).
36
Let w(n) = -3*n**3 + 15*n**2 + 48*n - 334. Determine w(12).
-2782
Let v(b) = -b**3 + 53*b**2 - 178*b + 1036. Calculate v(50).
-364
Let c(y) = -y**3 + 118*y**2 - 237*y + 14133. Give c(117).
93
Let p(l) = -45*l**2 + 1538*l - 9627. Give p(26).
-59
Let f(i) = -91197*i - 13223564. Calculate f(-145).
1
Let x(t) = -17*t**3 - 732*t**2 - 33*t + 444. Give x(-43).
14
Let z(k) = -3*k**2 - 20029*k + 321216. Calculate z(16).
-16
Let s(k) = 351436*k + 2108613. Determine s(-6).
-3
Let f(n) = -n**2 + 1630*n - 94772. Determine f(61).
937
Let k(u) = -u**3 - 26*u**2 - 253*u - 1484. Give k(-16).
4
Let p(v) = 27925*v - 27932. What is p(1)?
-7
Let q(z) = 535790*z - 4822096. Calculate q(9).
14
Let l(t) = 4956*t - 54397. Calculate l(11).
119
Let s(l) = -19*l**2 - 322*l + 2486. Determine s(6).
-130
Let q(s) = 2*s**3 - 50*s**2 + 837*s - 19008. Give q(24).
-72
Let q(p) = 183641*p - 2387316. What is q(13)?
17
Let x(h) = h**3 - 16*h**2 - 49*h + 131. What is x(13)?
-1013
Let i(m) = -894*m**2 - 47*m + 46. Determine i(1).
-895
Let m(z) = -13*z**3 + 2653*z**2 - 2853*z + 2236. Give m(203).
3
Let i(s) = s**3 - 1392*s**2 + 319593*s - 3763. Calculate i(290).
7
Let h(b) = 10*b**2 + 115*b - 588. Give h(-16).
132
Let r(a) = 5*a**2 - 13731*a + 41168. Give r(3).
20
Let n(d) = -3*d**3 + 272*d**2 - 99*d + 17372. What is n(91)?
82
Let w(b) = -2*b**3 - 542*b**2 + 3894*b + 954. Calculate w(-278).
398
Let s(w) = w**2 - 51*w + 260. Determine s(10).
-150
Let y(f) = -292*f - 4013. What is y(-11)?
-801
Let l(b) = 4*b + 1730. Give l(26).
1834
Let c(k) = -k**3 + 235*k**2 - 2198*k - 43. Determine c(10).
477
Let q(f) = 35*f**2 + 19537*f + 3917. What is q(-558)?
11
Let n(d) = d**3 - 323*d**2 + 5153*d + 14970. Give n(306).
-24
Let u(m) = -m**3 + 40*m**2 - 129*m - 525. What is u(36)?
15
Let g(j) = -2517*j + 1208166. Give g(480).
6
Let z(f) = 233*f**2 - 2795*f + 34. What is z(12)?
46
Let k(q) = -696*q**3 + 64*q**2 - 131*q + 5. What is k(2)?
-5569
Let b(c) = 6*c**2 + 807*c - 144768. Determine b(102).
-30
Let g(f) = f**2 + 4646*f - 107419. Give g(23).
-32
Let h(i) = 1942*i - 1629. Give h(2).
2255
Let q(d) = -234*d + 1826. Calculate q(7).
188
Let q(w) = 3*w**3 - 1627*w**2 - 2723*w + 1649. Determine q(544).
17
Let c(v) = -v**2 + 39*v + 1683. Determine c(-23).
257
Let r(i) = 1082*i**2 - 3220*i - 72. Calculate r(3).
6
Let k(i) = i**3 - 32*i**2 + 208*i - 3015. Determine k(20).
-3655
Let y(a) = -3*a**3 + 9*a**2 + 4*a - 29. What is y(5)?
-159
Let s(q) = 2*q**3 + 111*q**2 - 68*q - 129. Give s(-56).
543
Let o(l) = 954269*l - 1908536. Calculate o(2).
2
Let s(z) = 1163734*z - 2327470. Calculate s(2).
-2
Let v(r) = 6*r**3 - 55*r**2 + 47*r + 20. Give v(9).
362
Let v(a) = 11827*a**2 + 756926*a - 45. Give v(-64).
83
Let k(g) = 2*g**2 + 97336*g - 778797. Give k(8).
19
Let a(u) = 23*u**2 + 255*u - 36. What is a(-6)?
-738
Let n(j) = 2271*j - 4605. Give n(4).
4479
Let x(m) = 2*m**2 + 258*m + 6982. Determine x(-44).
-498
Let i(j) = -j**3 - 11*j**2 + 1463*j - 8161. Give i(6).
5
Let j(w) = -840*w + 13512. Determine j(16).
72
Let d(u) = 1362*u + 513475. Calculate d(-377).
1
Let w(r) = r**2 + 135*r - 941. What is w(-142)?
53
Let p(g) = 6*g**3 + 42*g**2 - 2875*g - 20115. Calculate p(-7).
10
Let p(b) = b**3 + 2*b**2 + 67*b + 365. What is p(-6)?
-181
Let k(v) = 1324*v + 97980. Give k(-74).
4
Let m(k) = 141905*k + 283800. What is m(-2)?
-10
Let r(n) = 2567*n - 8826. Determine r(3).
-1125
Let g(x) = -2491*x + 7423. Calculate g(3).
-50
Let j(f) = -6*f**2 + 1107*f - 6. Give j(0).
-6
Let a(j) = -3*j**3 + 235*j**2 - 2896*j - 92. Give a(63).
34
Let u(i) = -314*i**2 - 9435*i - 80. Determine u(-30).
370
Let p(s) = -89612*s + 12545678. Give p(140).
-2
Let w(d) = -d**3 - 39*d**2 - 43*d + 1091. Calculate w(-37).
-56
Let f(u) = -u**3 + 110*u**2 - 1221*u + 639. Calculate f(12).
99
Let r(f) = 15*f**2 + 1252*f + 136. Calculate r(-83).
-445
Let k(n) = 3*n**3 - 83*n**2 + 716*n - 17862. Give k(27).
12
Let m(s) = 2*s**2 + 102*s - 4141. What is m(-73)?
-929
Let j(u) = -133*u**3 + 251*u**2 + 76*u - 107. Give j(2).
-15
Let w(d) = 1130*d - 31526. Calculate w(28).
114
Let g(f) = 38148*f**2 + 457777*f. Give g(-12).
-12
Let o(c) = -90*c + 7707. Calculate o(38).
4287
Let w(s) = -s**3 - 52*s**2 - 146*s + 4147. Give w(-47).
-36
Let b(h) = 5*h**2 - 213*h - 503. Calculate b(0).
-503
Let y(c) = -37374*c + 2504062. Give y(67).
4
Let l(t) = -t**3 + 29*t**2 - 82*t - 80. Calculate l(11).
1196
Let g(p) = p**2 + 500*p - 103956. Determine g(158).
8
Let a(i) = 6752*i + 74302. What is a(-11)?
30
Let d(l) = -l**2 - 502*l + 1008. Calculate d(2).
0
Let z(k) = -92*k - 2450. What is z(-30)?
310
Let t(q) = -1209*q + 97877. What is t(81)?
-52
Let s(r) = r**2 + 335313*r - 4359234. Give s(13).
4
Let f(h) = 4778*h + 1318758. Give f(-276).
30
Let n(w) = 319*w + 4280. What is n(-16)?
-824
Let x(r) = -3*r**3 + 285*r**2 - 2105*r + 901. What is x(87)?
-578
Let p(b) = -2*b**3 - 1378*b**2 - 2238*b - 593053. Calculate p(-688).
3
Let m(r) = -3*r**3 - 78*r**2 - 52*r - 1318. What is m(-26)?
34
Let i(j) = -3329*j + 99874. Give i(30).
4
Let h(p) = 4*p**3 - 4*p**2 - 5*p - 13. What is h(-4)?
-313
Let r(a) = 8*a**3 - 300*a**2 - 164*a + 453. Give r(38).
-3
Let m(o) = -2*o**3 - 72*o**2 + 449*o + 19940. Calculate m(-34).
50
Let h(j) = -j**3 + 163*j**2 + 1079*j + 394. Give h(-6).
4
Let j(g) = 10041*g - 9809. What is j(1)?
232
Let u(y) = 4*y**2 + 1078*y + 47819. Determine u(-56).
-5
Let c(v) = -7*v**2 + 338*v - 2482. Give c(9).
-7
Let x(d) = -4*d**2 - 74*d - 227. Determine x(-11).
103
Let r(s) = -5*s**2 + 119*s + 263. Determine r(28).
-325
Let l(k) = -7*k**3 + 343*k**2 - 659*k - 33. What is l(47)?
-80
Let d(a) = -a**3 + 1160*a**2 + 3502*a + 26. What is d(-3)?
-13
Let q(s) = 3*s**2 + 5*s - 917. Give q(10).
-567
Let v(s) = 